 + -24. What is the tens digit of f?
1
Let o = -12 + 21. Suppose 4*y + o + 23 = 0. What is the units digit of 2/y*-18*2?
9
Let m = -3 + 5. Suppose m*w - 31 = 13. What is the units digit of w?
2
Let x(b) = 7*b**2 + b - 1. Let o be x(2). Suppose 0 = -5*w + o + 46. What is the tens digit of w?
1
Let p(m) = -m**3 - 14*m**2 - 2*m - 20. What is the units digit of p(-14)?
8
Suppose 3*h - 2 - 4 = 0. Let x be (6/h + 1)/2. Suppose 0 = j - x. What is the units digit of j?
2
Suppose 230 = 3*q + 2*q. What is the tens digit of q?
4
Let j = -22 - -13. Let v = -6 - j. What is the units digit of v/3 - (-3 - 2)?
6
Suppose 2*m + 47 = -13. What is the units digit of (-220)/m - 2/(-3)?
8
Let f be -12*(-1 - 21/(-6)). What is the tens digit of f/((3 - 1) + -4)?
1
Suppose 0 = -0*k - k. Suppose -b + 1 + 20 = k. Let p = b + -8. What is the units digit of p?
3
Let y(w) = w**2 - 4*w + 5. Let l be y(5). What is the tens digit of 46/(-8)*(l + -14)?
2
Let k(i) = i**3 + 2*i**2 - 1. Let c be k(-2). Let j = c - 0. What is the units digit of j/(1 - (-15)/(-12))?
4
Let q = 11 + -7. Let l be ((-8)/(-6))/(q/36). What is the units digit of (0 - 18)*(-6)/l?
9
Suppose 659 - 49 = 5*w. Suppose 2*r - a - w = -3*r, 3*r = -a + 70. What is the units digit of r?
4
Suppose 87 + 72 = 3*r. Suppose 0 = 5*v - 5*s - 136 + 26, s - r = -2*v. What is the units digit of v?
5
Let h be 3*(-4)/(-4) + 0. What is the units digit of 1 - (0/h - 24)?
5
Suppose -4*p + 5 + 11 = 0. Let u = 1 + p. Suppose u*k + 80 = 5*b, -2*k + 0 = 4. What is the tens digit of b?
1
Let g(j) be the third derivative of j**6/120 + 2*j**5/15 + j**4/24 + 11*j**3/6 + 7*j**2. What is the units digit of g(-8)?
3
Suppose 0 = -5*s + 5*p - 2*p + 30, 4*s - 5*p = 37. What is the units digit of (160/30)/(2/s)?
8
Suppose 0 = 2*h - 2 - 4. Suppose 5*w + h*y = 20, -2*w + 3*y = 4*y - 8. What is the units digit of w?
4
Let j(l) = 3*l**2 - 8*l + 10. What is the tens digit of j(11)?
8
Suppose 4*g - 10 - 54 = 0. What is the units digit of g?
6
Let x(h) = 2*h - 5. Let d be x(4). Suppose -4*b = -d*g + 20, 2*g - 2 = -0*g - 3*b. What is the units digit of g?
4
Let t(g) = -g**3 + 2*g**2 + 3*g + 2. Let b be t(3). Suppose 3*n - 8 = z + 4*z, n + b = -3*z. What is the units digit of n?
1
Suppose c - 8 + 4 = 0. What is the units digit of c?
4
Let q = 2 - 2. Suppose q*a - 2*a + 6 = 4*n, -2*a + 3 = n. What is the units digit of -2*((-9)/6 + a)?
1
Let l = -13 + 54. What is the tens digit of l?
4
Suppose -m - 24 = -2*m. Suppose -x = -3*x + m. What is the tens digit of x?
1
Let t(s) = -4*s + s**2 + 3 + 0 + 3*s. Let u be t(0). Suppose a = -u*a + 4*h + 28, -20 = -3*a + 2*h. What is the units digit of a?
6
Suppose 0*o + 164 = 4*o. What is the units digit of o?
1
Let d(w) = -w**2 - 3*w - 4. Let a be 2/(-4) - 10/4. Let c be d(a). What is the units digit of c/(-12)*(4 - 1)?
1
Let b = -3 + 3. Suppose b = n + n + 10. What is the tens digit of (-2)/5 + (-52)/n?
1
Let y be (1 + 75)*2/4. Suppose 0*j + y = 2*j. What is the units digit of -2 + (-2)/1 + j?
5
Let b = -9 - -5. Let a(y) = -y**2 + 10*y - 4. Let o be a(9). Let j = b + o. What is the units digit of j?
1
Let c = 2 + 4. Suppose c*p - 100 = p. Suppose p = -f + 6*f. What is the units digit of f?
4
Suppose 61 - 11 = 2*f. What is the tens digit of f?
2
Suppose 0 = -5*i + 4*f + 5 - 3, -5*f = -i - 8. Suppose 4*u = -i*y - 0*y + 2, 3 = -2*y + u. What is the units digit of (3 + 0 + y)*1?
2
Let o be (-36)/(-8)*(-2)/(-3). Let v = 9 - -7. Suppose -o*p - p + v = 0. What is the units digit of p?
4
Let x(c) = 2*c + 10. Let f be x(-4). Suppose 0 = -p + 10 - f. What is the units digit of p?
8
Let k be 110/(-4)*(-8)/(-10). Let a = 39 + k. What is the units digit of a?
7
What is the hundreds digit of ((-66)/12 + 6)/((-1)/(-232))?
1
Let x(y) = 0 + 1 + 5*y + y**2 - 3*y - 3. Let k be x(2). What is the units digit of k*(1 + 0/1)?
6
Suppose -9 = 5*u + 6. Let q = u - -9. What is the units digit of q?
6
Let b = 16 + -9. What is the units digit of b?
7
Suppose -20 = 3*j - 2. What is the units digit of -6 + j/(-2) + 18?
5
Let r(w) be the first derivative of -w**2/2 - 4*w - 4. Let b be r(-7). Suppose -3*n = -2*p - 53, n + p - b*p = 19. What is the units digit of n?
7
Let l be (-2)/(-1) + (0 - 4). Let m = l - -3. Suppose 0 = -3*n + 40 - m. What is the units digit of n?
3
Let o = -28 + 147. What is the hundreds digit of o?
1
Suppose -l + 2 + 12 = 0. Let m = l + -6. What is the units digit of m?
8
Suppose 0 = 3*c - 4*c - 8. Let u(f) = -2*f. What is the tens digit of u(c)?
1
Suppose 21 = 3*y - 3*v, 13 + 3 = 3*y - 2*v. Suppose 3*u + 26 = 5*h - 0*h, 0 = 5*h + y*u - 41. What is the units digit of h?
7
Suppose -2*f + 4*i = 2*f - 148, -f + 37 = -4*i. What is the units digit of f?
7
Suppose i - 37 - 30 = 0. Suppose -21 = -4*a + 4*n + 63, -5*n = -3*a + i. What is the units digit of a?
9
Suppose 3*v + 4 = -5*g + 2*v, 2*g - 4*v = 16. Suppose -c - 5*j = -2*j - 17, -2*j = 3*c - 44. Let s = c - g. What is the units digit of s?
4
Let j = 148 - -183. What is the tens digit of j?
3
Suppose -71 - 49 = -5*g. What is the tens digit of g?
2
Suppose -5*y + 4*u = 10, -4*y + 2*u = 3 - 1. Suppose y*k - 56 = -2*k. What is the units digit of k?
4
Let d = 71 + -35. What is the units digit of (-3 - d/(-16))*-4?
3
Suppose -3*w + 13 = 4*m, w - 4*m - m = -2. Suppose 0 = w*n + 2*n. Suppose 3*u = -n*u + 30. What is the units digit of u?
0
Let h = 6 - 6. Suppose 4*j - 128 + 40 = h. What is the tens digit of j?
2
Let x be (-15)/2*4/(-6). Suppose -5*q + 6 + 21 = 3*n, x*n - 2*q - 45 = 0. Let l(a) = a**3 - 8*a**2 - 7*a - 11. What is the units digit of l(n)?
7
Let l be 141/(-15) - (-4)/10. Let g = 14 + l. What is the units digit of g?
5
Let u = 125 - -74. What is the tens digit of u?
9
Suppose 2*f - 5 + 27 = -k, 0 = -5*k + 3*f - 84. Let l = k + 40. What is the tens digit of l?
2
Suppose 33*f = 34*f - 182. What is the hundreds digit of f?
1
Suppose -m - s + 0*s + 99 = 0, -2*m - 4*s + 208 = 0. What is the units digit of m?
4
Suppose 0 = 2*r - x - 0 - 2, -3*x + 6 = 0. Let d = 0 + r. What is the units digit of (d - 0)*(1 - -1)?
4
Suppose -2 = -4*a + 3*a. Suppose a*o = 2 + 12. What is the units digit of o?
7
Let v(k) = k**3 + 7*k**2 + 4*k - 2. Suppose 2*i = -3*q, 0*i + 26 = -3*i + 2*q. What is the units digit of v(i)?
0
Suppose -5*s = -0*s - 25. Suppose 9*w = 4*w - s. Let y(u) = -7*u. What is the units digit of y(w)?
7
Let f(i) = 2*i**2 + 2*i. Suppose 2*v - 6 = -v. Let l be f(v). Suppose -2*m - m = -l, -27 = -5*q - 3*m. What is the units digit of q?
3
Let u(c) be the first derivative of c**4/2 - c**3/3 + c**2 - 2*c + 2. What is the units digit of u(2)?
4
Let g = -76 - -259. What is the hundreds digit of g?
1
Suppose -10 = 5*p - 0*p. Let t be (p + 4)/(-2)*0. Suppose i + 3 = 3*s, t = 5*i - 0*s + 4*s - 23. What is the units digit of i?
3
Let h(c) = 3*c - 3. Let o be h(2). Let p(k) = 3*k - o*k - k - 2. What is the units digit of p(-4)?
2
Let t(v) = -v**3 + 4*v**2 + 5*v + 3. Let d be t(5). Suppose 2*z + d*z - 5 = 0. What is the units digit of z + (-2)/2 + 9?
9
Let a be (-1)/(2 + 61/(-30)). Suppose 5*f + a + 5 = 0. Let u = -5 - f. What is the units digit of u?
2
Suppose 0 = v - 5 - 0, -27 = -4*k - 3*v. Suppose 0 = 5*b + k*f - 15, -2*b + 1 + 5 = 4*f. Suppose -b*o = -o - 10. What is the units digit of o?
5
Let h be 4/((2 - 1) + 1). Suppose 5*y + h*b - 45 - 11 = 0, 0 = -y - 2*b + 8. What is the tens digit of y?
1
Let p(a) = a**2 - 4*a - 2. Let z be p(9). Suppose -3*q = 5*w - z, 5 + 0 = w. Suppose 0 = u + 2*b - 11, -q*u + 2*u = -b + 1. What is the units digit of u?
1
Let f(s) = s + 1. Let z(a) = 3*a**2 - 9*a - 8. Let q(u) = 6*f(u) + z(u). What is the units digit of q(4)?
4
Suppose 2*w + 3*l = -0*l, 4*w = 4*l + 20. Suppose -5*b + 110 = -5*d, -68 = -w*b + d + 4. What is the tens digit of b?
2
Let a be (-1)/(-2) + (-65)/26. What is the units digit of (4 - (a + 4))*22?
4
Suppose 0 = 4*b - 3*q - 46, -q = b - 0*q - 8. Let j = b + -7. What is the units digit of j?
3
Let q be (2/3)/(3/153). Suppose -194 = -5*s - q. What is the tens digit of s?
3
Suppose -12 = i - 8. What is the units digit of (-167)/i - (-3)/12?
2
Suppose -190 = -4*v + 2*q, v - 2*q - 141 = -2*v. What is the tens digit of v?
4
Suppose -r + 4*t + 153 = t, -3*r + 507 = 3*t. What is the hundreds digit of r?
1
Let t(b) = 3*b. Let n be t(1). Suppo